*(-3)/(-9). Let u be n(j). Calculate the greatest common factor of y and u.
1
Suppose 54 = l + w, 5*w - 3*w = 0. Let g be 4*((-136)/(-16) - 7). Calculate the greatest common factor of g and l.
6
Suppose -m - 72 = -5*k, -3*m + 4*m = -2*k + 26. Calculate the greatest common factor of 98 and k.
14
Let p(s) = 38*s**2 + 9*s + 9. Let y be p(-1). What is the highest common factor of y and 304?
38
Let j be ((-1)/(-2))/((-11)/(-110)). Suppose -2*z = h - 42, -j*z = h - 107 + 2. What is the highest common factor of 3 and z?
3
Suppose -p - 3*p = -372. Let w = p - 48. What is the greatest common divisor of w and 9?
9
Let s be 4/(1 - 0) + -2. Let o be (-2)/(2/(-24)*s). Let u be ((-4)/8)/((-2)/240). What is the highest common divisor of o and u?
12
Suppose 101 = 3*z - 73. Let h = z + 32. Suppose -2*f + 72 = 2*f. Calculate the highest common divisor of h and f.
18
Let u be 5*1/(-2)*-22. Suppose -2*r + 158 = -4*t, -3*t - 81 = 2*r - 3*r. Suppose -9 + r = 3*n. What is the highest common divisor of u and n?
11
Suppose -3*y - 23 = -5*m, -4*y + 10 = 3*m + 2. Let t be 5*(8/10 + 0). Calculate the greatest common factor of m and t.
4
Let x = 182 - 151. What is the highest common divisor of 31 and x?
31
Suppose 0 = 6*b - 8*b + 12. Let m be (-3)/(-6) + 27/b. Calculate the greatest common divisor of m and 40.
5
Let s = 12 + -7. Let m(x) be the first derivative of x**3/3 - x**2 - x - 6. Let u be m(s). What is the greatest common divisor of 112 and u?
14
Let j(l) = l**3 - 6*l**2 - 1. Let s be j(6). Let o be 1 + 6 - 2/s. Calculate the greatest common divisor of o and 45.
9
Let q be (-2)/10 - (-78)/15. Let s be (-3 - q)/(-2) - 0. Suppose 5*v - 111 = b - 42, -s*v + 40 = 3*b. Calculate the highest common divisor of 117 and v.
13
Suppose -10*p = -11*p + 15. Calculate the highest common divisor of p and 15.
15
Let c = 16 - 3. Suppose z - 30 - 9 = 0. What is the greatest common divisor of z and c?
13
Let o(p) = p**2 + 5*p + 8. Let j be o(-5). What is the highest common factor of 72 and j?
8
Let f be 31/11 - (-22)/121. Suppose -17 - 19 = -f*x. What is the highest common divisor of x and 6?
6
Let b be 96/30*(11 + -1). Let q = b - 13. What is the greatest common factor of 19 and q?
19
Suppose 96 = 3*f + m, -m + 0*m = 3. What is the greatest common factor of f and 22?
11
Let c(m) = m**3 + 2*m**2 + m + 3. Let g be c(-3). Let p be -3 - g/2*2. What is the greatest common factor of 6 and p?
6
Let g be (-2)/3*3/2. Let o = g + -10. Let z = 34 + o. Calculate the greatest common divisor of z and 23.
23
Suppose 0 = 4*u - 54 - 150. Suppose u = 3*g - 12. Calculate the highest common divisor of 7 and g.
7
Suppose -3*s + 5*k = 594, -k + 6*k + 990 = -5*s. Let h be s/4*(-16)/12. Calculate the greatest common factor of 6 and h.
6
Let t be (-30)/(-4)*10/15. Suppose -2*v - 44 = -4*y, 0*y - t*v = -4*y + 50. Suppose 3*m = 4*m - y. Calculate the highest common divisor of m and 110.
10
Suppose -2*q - 20 = -6*q. Suppose -100 - 30 = -5*a - q*l, 3*a - 58 = 2*l. Suppose -2*b + 0*b = -a. Calculate the highest common divisor of 77 and b.
11
Let k(r) be the first derivative of r**4/4 - r**3/3 + r**2/2 - 4*r + 4. Let h be k(4). What is the highest common divisor of 120 and h?
24
Let o = -19 + 31. Suppose -181 = -5*t - 1. Let j be 6/t - 574/(-12). What is the highest common divisor of o and j?
12
Suppose 2*s + s = -4*o + 449, 2*o - 2*s = 214. What is the greatest common divisor of 10 and o?
10
Let g be (2 + (-25)/4)/(1/(-20)). Let z be ((-17)/(-3))/((-1)/(-3)). What is the greatest common divisor of g and z?
17
Suppose 7 = 18*i - 17*i. Suppose 0 = b + 4*t - 22, -88 = -i*b + 3*b - 4*t. Calculate the greatest common factor of 11 and b.
11
Let g(q) = -15*q + 4. Let c be g(-3). Let m = 6 + 1. Calculate the highest common divisor of m and c.
7
Suppose -5*u + 83 = 23. Calculate the greatest common factor of 4 and u.
4
Let p(g) = g**3 - 5*g**2 - 4*g + 5. Suppose -3*i = 2*i - 30. Let v be p(i). Calculate the highest common factor of 17 and v.
17
Let b be 24/(-42) - (-148)/14. Calculate the greatest common factor of 10 and b.
10
Let f(t) = -2*t - 3*t**2 + 13*t**2 + 8 + t**3 + 10*t. Let k be f(-9). What is the greatest common factor of k and 51?
17
Suppose 78 + 89 = 3*y + 2*w, y - 67 = 5*w. Calculate the greatest common divisor of y and 38.
19
Let h be (-2)/(2/(-2)) + 0 + 29. Calculate the greatest common factor of 31 and h.
31
Let b(l) = l**2 - 3*l - 6. Let c be b(6). Suppose 5*y - 49 = 11. Calculate the highest common divisor of y and c.
12
Suppose -r + 4*r = 54. Suppose c + 2*c + 5*j = 33, 0 = 5*j - 15. What is the greatest common divisor of r and c?
6
Suppose -443 = -3*p - 3*y - 56, -3*p = 5*y - 389. Suppose -2*i + 32 = -0*i. Calculate the highest common factor of i and p.
16
Let l be (-1178)/(-5) - (-12)/(-20). What is the greatest common factor of l and 94?
47
Let i = 42 - -2. Let c = 95 - 29. Calculate the greatest common factor of i and c.
22
Let f = -6 - -46. Suppose -3*j - f - 77 = 0. Let l = 78 + j. What is the highest common factor of 13 and l?
13
Let b(z) = -z**3 - 23*z**2 + 35. Let q be b(-23). Calculate the highest common divisor of 245 and q.
35
Let b = 58 - -2. Let y be -1 - b/(-1)*1. Let q = -41 + y. Calculate the highest common factor of 36 and q.
18
Let c(h) = -h**2 + 3*h + 3. Let j(g) = 1. Let d(w) = -c(w) + j(w). Let v be d(-3). Calculate the highest common factor of v and 40.
8
Suppose -x + 9 + 18 = 0. Let t(b) = b**2 - 2*b - 6. Let l be t(6). What is the highest common divisor of x and l?
9
Let k be (2/3)/((-2)/(-36)). Suppose 2*g = -2*q - 4, 5*q - 2*g - k = 6. Calculate the greatest common divisor of q and 22.
2
Suppose -g = -0 - 1. Suppose -d + g = -1. Suppose 51 = -d*y + 3*y. What is the greatest common factor of 17 and y?
17
Let v be (4 - 1) + 0/2. Suppose 5*h - 3*z + z - 76 = 0, -z = -v*h + 46. Calculate the highest common factor of h and 16.
16
Let w = 95 + -40. Suppose -c - 4*c + w = 0. What is the greatest common factor of 55 and c?
11
Suppose 0 = 5*o - 147 - 238. What is the greatest common factor of o and 7?
7
Let f be (17 - 16) + 1*23. Calculate the highest common factor of 60 and f.
12
Let t = 116 + -112. Calculate the highest common factor of t and 2.
2
Suppose 0 = 5*s - 8 - 7. Calculate the highest common divisor of s and 3.
3
Let g be 11645/45 - (-2)/9. Suppose 4*r = b + g, 0 = -5*r - 6*b + 2*b + 350. What is the highest common factor of r and 6?
6
Suppose -4*q + d = 4*d - 17, 3*d + 7 = -q. Let c be (256/(-6) + 1)*3. Let h = c - -181. Calculate the highest common factor of h and q.
8
Let d(r) = 60*r**2 - r + 1. Let k be d(1). Suppose 2*u = 116 - 36. What is the highest common factor of u and k?
20
Suppose -2*z - 3*z = -195. Suppose 3*w + 2*x + x = z, w - 2*x - 22 = 0. What is the greatest common factor of 4 and w?
4
Suppose 4*y + 6 = 22. Let i = y + 0. Calculate the greatest common divisor of 8 and i.
4
Let d = 27 + -11. What is the greatest common divisor of 8 and d?
8
Let z(r) = r**2 - 6*r - 7. Let c be z(9). Calculate the highest common divisor of c and 220.
20
Suppose 2*h - 10 = -0*h, -2*x - h = -33. Calculate the greatest common divisor of 14 and x.
14
Suppose 5*o = 10, a + 5*o = -2 + 14. Let y be 182/4*a*-1. Let d = 172 + y. Calculate the highest common factor of 9 and d.
9
Suppose 0 = -d - d - 5*c + 438, 4*d + 4*c = 852. Calculate the greatest common factor of 19 and d.
19
Let r = -2 + 6. Let y = 59 + -24. Let u = y + -19. What is the highest common factor of r and u?
4
Let c = -1 + 14. Let a(o) = -o**2 - 5*o - 1. Let p be a(-3). Suppose p*q = -3*x + 142, -x = 4*q - 0*x - 108. What is the greatest common factor of c and q?
13
Suppose -4*i = -i. Suppose -3*z + 26 + 1 = i. Suppose -3*c + 201 = -4*x, 2*x - 120 = -2*c - 0*x. What is the highest common factor of c and z?
9
Let o(s) = -s**2 - 7*s - 6. Let u be o(-4). Suppose -u*t = -4*t - 12. Let b = -1 - -7. Calculate the greatest common divisor of b and t.
6
Suppose -72 = -7*l + 194. What is the highest common divisor of 114 and l?
38
Let i = 24 + -13. Let p = 1 - 3. Let o be (-2 - -3)*(p + 13). What is the highest common divisor of o and i?
11
Let b = 5 + 0. Let j = 1 + -2. Let t = b - j. What is the greatest common factor of 60 and t?
6
Let h(b) = 2*b**2 + 2*b - 2. Let u(s) = -s**2 - 3. Let z be u(0). Let w be h(z). What is t